of t?
2, 3, 5, 29
Suppose -22245 = -7*p - 7300. Suppose 0 = -6*r - 653 + p. What are the prime factors of r?
13, 19
Suppose 274*i + 69678 = 415917 - 14151. List the prime factors of i.
2, 3, 101
Let h be (-4 + 1)/(3 + (-1044)/345). Suppose 43*p + h = 44*p. What are the prime factors of p?
5, 23
Let c be (-2)/4 + ((-1707)/(-6))/1. Suppose 0 = 14*m - c + 18. What are the prime factors of m?
19
Suppose -5*f + 44450 = -33*x + 36*x, -2*x = -3*f + 26670. What are the prime factors of f?
2, 5, 7, 127
Let i = -2515 + 5178. Suppose -20*z + i = -277. What are the prime factors of z?
3, 7
List the prime factors of 528*1*107 - (0 + -12 + 20).
2, 23, 307
Let u be 4*14/((-42)/(-6)). Let a(o) = -o**3 + 8*o**2 - 5*o - 4. Let h be a(5). Suppose h = u*r - 370. List the prime factors of r.
2, 13
Let d = -101 - -134. Suppose -3*b + d*g = 34*g - 1511, 2511 = 5*b - 2*g. What are the prime factors of b?
503
Let h(g) = g**3 - 5*g**2 + 2*g - 6. Let y be h(5). Suppose 1 + 11 = y*l + 2*r, 0 = -2*l + 3*r + 14. Suppose -2*p + l*p = 152. List the prime factors of p.
2, 19
Suppose 7*t = 10*t - 54. Let i = -16 + t. Suppose -i*j - 13 = z + 2*j, 3*z + 4*j - 1 = 0. List the prime factors of z.
7
Let m(w) = -3*w + 28 + 28*w - 9*w + 21. What are the prime factors of m(24)?
433
Let f = 10939 + -6734. What are the prime factors of f?
5, 29
Let b = 6279 - 3703. Suppose -24*o + b = -11320. List the prime factors of o.
3, 193
Suppose 2134 = 2*r + 5*t, 5*r + 409 = -3*t + 5706. Let l = -521 + r. What are the prime factors of l?
2, 67
Let s(n) = -5551*n - 613. List the prime factors of s(-12).
31, 2129
Let x(w) = 45*w**3 - w**2 - 4. Let i be x(-2). Let q = i + 706. What are the prime factors of q?
2, 13
Suppose -4*u - 3*v + 22290 = 0, 74*v = 77*v + 18. What are the prime factors of u?
3, 11, 13
Let g(s) = -s**2 - 7*s + 3. Let o be g(0). Suppose -137 = o*n - 887. List the prime factors of n.
2, 5
Suppose -239*g + 243*g + 2*t = 60130, 3*t - 75159 = -5*g. What are the prime factors of g?
2, 3, 7, 179
Let v be (4 + -7)/(((-2)/(-51))/2). Let f = 270 + v. List the prime factors of f.
3, 13
Suppose -18*p - 2 + 92 = 0. Suppose -15*l + 10*l + 910 = p*u, 0 = -3*l + 4*u + 546. What are the prime factors of l?
2, 7, 13
Let d(q) = -2*q + 27. Let y be d(7). Suppose 21 = -2*m + 5*c, 0 = -m + 5*c - y - 10. Suppose 3*j - 615 = 3*z, m*z + z + 815 = 4*j. List the prime factors of j.
2, 5
Suppose -40*o + 39*o - 2250 = 0. Let z = -1299 - o. Suppose -6*c + z = 165. What are the prime factors of c?
131
Let t = 7 + -19. Let r(g) = -5 + 4*g + 10*g**2 + g**3 + 3*g**2 + 3. List the prime factors of r(t).
2, 47
Suppose 3186898 = 49*o + 94*o. List the prime factors of o.
2, 11, 1013
Suppose 0 = 5*x + s, 13*s = -2*x + 12*s. Let v be ((-201)/(-3))/((-2)/(-6)). Suppose -2*m + 59 = 2*l - 23, x = 5*m + 4*l - v. What are the prime factors of m?
37
Let o(l) = -3*l**2 + l + 53. Let r be o(-10). Let n = r - -445. What are the prime factors of n?
2, 47
Suppose -f + 1 = 3*o - 4*o, 5*o - 2*f + 5 = 0. Let l(t) = 94*t**2. What are the prime factors of l(o)?
2, 47
What are the prime factors of -21 - (-13 + -10845 - 9)?
2, 11, 17, 29
Suppose f - 142557 = -4*f - 14*f. What are the prime factors of f?
3, 41, 61
Suppose -3*g + 204 = -3*x, 0 = -g - 0*g - 4*x + 58. Suppose -61*b + g*b = 525. Suppose -12*p + 17*p = b. What are the prime factors of p?
3, 7
Suppose 4*m - 119160 = -4*u, -257*u - 148958 = -262*u - 3*m. What are the prime factors of u?
2, 14897
Let y(a) = 14*a - 4*a**2 + 4 - 8 + 2*a**2. Let k be y(6). Suppose 3*h + 59 = -3*v + k*v, -h = 5*v - 47. What are the prime factors of v?
2, 5
What are the prime factors of 11193 - -92 - (-3 - 2 - -1)?
3, 53, 71
Suppose -2*g - 91 = -15. Let s = -35 - g. Suppose 7*a - 152 = s*a. List the prime factors of a.
2, 19
Suppose -2310882 = -99*f + 6999375. What are the prime factors of f?
157, 599
Let p = -261 - -254. List the prime factors of 322/(p/1)*-16.
2, 23
Suppose -5*w = 2*w - 6979. Let f = -646 + w. What are the prime factors of f?
3, 13
Let d(b) = 749*b**3 - 8*b**2 + 10*b - 14. What are the prime factors of d(3)?
7, 43, 67
Let w = -47 - -45. Let s be -1*(1 - w/(-6)*15). What are the prime factors of (s/8)/(2/(-600)*-1)?
2, 3, 5
Let a(h) = 5*h**2 + 51*h + 7. Suppose d + 5*v = 9, -43 = 3*d + 4*v - 3*v. List the prime factors of a(d).
3, 157
Suppose 1458 - 24043 - 65537 = -3*g. List the prime factors of g.
2, 19, 773
Suppose 0 = -7*k + 8*k - 28. Suppose 4*p + 2*i = -58, 0 = 5*p - 4*i + 136 - 44. Let f = p + k. List the prime factors of f.
2, 3
Let k(g) = 252*g - 78*g - 76*g - 108. List the prime factors of k(9).
2, 3, 43
Let p(h) = -h + 269. Let r(x) = -2*x + 537. Let u(t) = -7*p(t) + 4*r(t). List the prime factors of u(15).
2, 5
Suppose 285 = 8*n + 85. Let s = -16 + n. Let w(u) = 8*u - 11. What are the prime factors of w(s)?
61
Let o(r) = -4*r - 5. Let p be o(-2). Suppose -p*j + 18 = -b, 12 = 5*j + 3*b - 18. List the prime factors of (4 - 0) + j*15.
2, 47
Let g(s) = -2*s + 58. Let f be g(26). Suppose -1203 = -f*l + 117. What are the prime factors of l?
2, 5, 11
Let p(v) = -v**2 - 4*v + 11. Let r be p(-5). List the prime factors of (9/48*-4)/(r/(-64)).
2
Suppose -34*k = -38*k - o + 43931, 32929 = 3*k - 2*o. What are the prime factors of k?
79, 139
Let l be (22/(-4))/(19/(-494)). Let g = 386 - l. List the prime factors of g.
3
Suppose 79 = 2*q - 201. Let w be (0 - -7) + -5 + -1*94. Let b = w + q. List the prime factors of b.
2, 3
Let w = 16990 - -2613. What are the prime factors of w?
19603
Suppose -24*k - 550 = -19*k. Let w = 229 - k. List the prime factors of w.
3, 113
Let h = -41492 + 41925. List the prime factors of h.
433
Let r = -95805 + 173882. What are the prime factors of r?
163, 479
List the prime factors of ((-314230)/(-536))/(1/12).
3, 5, 7, 67
Let p be 0 + 1850 - (-4)/(-3)*-3. Let b = -159 + p. List the prime factors of b.
3, 5, 113
Let a = -195 - -141. Let p = 355 - a. List the prime factors of p.
409
Let s(p) = p**3 + 7*p**2 + 4*p + 11. Let f be s(-6). Let u = f + 27. Suppose u*h - 52*h = -146. What are the prime factors of h?
73
Suppose 259*c + 435840 = 4430512 + 7912076. What are the prime factors of c?
2, 3, 1277
Let k = 93522 + -49022. What are the prime factors of k?
2, 5, 89
Let u = -33704 + 48240. What are the prime factors of u?
2, 23, 79
Suppose 2*u = 5*u - 660. Suppose 3*p = 8*p. Suppose p = 31*v - 35*v + u. List the prime factors of v.
5, 11
Suppose -27*m + 185809 = -359213. List the prime factors of m.
2, 10093
What are the prime factors of (17 - 1) + (-332 - -16684)?
2, 3, 11, 31
Suppose 0 = -8*o + 9*o - 168. Let t = 12 + o. What are the prime factors of t?
2, 3, 5
Let l = -202 + 217. What are the prime factors of 1*90/l*405/2?
3, 5
Suppose -65407 = -5*g - 4*q, -2*q + 43431 - 4184 = 3*g. List the prime factors of g.
23, 569
Suppose 4*f + o = -157, -2*f - 33 - 68 = 5*o. Suppose 19*d - 5*d - 140 = 0. Let q = d - f. List the prime factors of q.
2, 3
Let f(t) = t**2 - 14*t - 41. Let p be f(-3). List the prime factors of 2703/15 + p/25*2.
181
Let k be (-12)/(((-10)/80)/((-14)/(-24))). Let n = k + 12. List the prime factors of n.
2, 17
Let w be (-6)/(2*(-2)/2). Suppose 32 = -5*p - w*p. List the prime factors of 99 - (-2 + 18/8)*p.
2, 5
Let c(z) = -471*z - 2592. What are the prime factors of c(-60)?
2, 3, 23, 31
Let b = -5391 + 7950. List the prime factors of b.
3, 853
Let x(y) = 1480*y + 2961. List the prime factors of x(12).
3, 6907
Suppose -2*q + 21*h = 23*h - 8360, 0 = 4*q + 5*h - 16714. List the prime factors of q.
2, 7, 13, 23
Suppose 4*f - 220 = 2*l, -253 = f - 6*f - 3*l. Suppose -f*x = -58*x + 95. What are the prime factors of x?
19
What are the prime factors of 2/11 - (-18925000)/2750?
2, 3, 31, 37
Let q(n) = 12*n**2 + 37*n - 238. What are the prime factors of q(8)?
2, 7, 59
List the prime factors of (72/(-12))/((-58)/342142).
2, 3, 17, 347
Let b = 297 - 266. Suppose 0 = 34*u - b*u - 1617. What are the prime factors of u?
7, 11
Let g be 1*159/(-2)*(2 - 0). Let c = g - -290. Let r = c + -34. What are the prime factors of r?
97
Let j(f) be the first derivative of 2*f**4 + f**3 - f**2 - f - 2. Suppose -4*r + 10 = 2*y, 0 = -4*r + 5*r - 2. What are the prime factors of j(y)?
2
Let s(v) = 184*v**2 + v - 4. Let k(m) = 93*m**2 + m - 2. Let n(z) = 5*k(z) - 2*s(z).